{"id":1050,"date":"2022-09-26T21:30:33","date_gmt":"2022-09-26T19:30:33","guid":{"rendered":"https:\/\/historyczna.slaska.zhp.pl\/?page_id=1050"},"modified":"2022-09-26T22:12:37","modified_gmt":"2022-09-26T20:12:37","slug":"osrodek-harcerski-slaskiej-choragwi-zhp-w-chorzowie","status":"publish","type":"page","link":"https:\/\/historyczna.slaska.zhp.pl\/?page_id=1050","title":{"rendered":"O\u015brodek Harcerski \u015al\u0105skiej Chor\u0105gwi ZHP w Chorzowie"},"content":{"rendered":"<p>O\u015brodek Harcerski jest po\u0142o\u017cony w Chorzowie nieopodal Stadionu \u015al\u0105skiego, przy Alei Harcerskiej 3. Historycznie jest miejscem zwi\u0105zanym z Parkiem \u015al\u0105skim i od pocz\u0105tku po\u0142o\u017conym w jego granicach. Od roku 1963 jest administrowany przez \u015al\u0105sk\u0105 Chor\u0105giew Zwi\u0105zku Harcerstwa Polskiego, a w roku 2014 (na mocy uchwa\u0142y Sejmiku Wojew\u00f3dztwa \u015al\u0105skiego) zosta\u0142 jej przekazany w u\u017cytkowanie wieczyste. O\u015brodek nosi imi\u0119 genera\u0142a Jerzego Zi\u0119tka, a na terenie kompleksu znajduje si\u0119 jego popiersie.<\/p>\n<p><a href=\"https:\/\/historyczna.slaska.zhp.pl\/wp-content\/uploads\/2022\/09\/zietek_pomnik.jpg\"><img fetchpriority=\"high\" decoding=\"async\" class=\"aligncenter wp-image-1059 size-medium\" src=\"https:\/\/historyczna.slaska.zhp.pl\/wp-content\/uploads\/2022\/09\/zietek_pomnik-298x300.jpg\" alt=\"\" width=\"298\" height=\"300\" srcset=\"https:\/\/historyczna.slaska.zhp.pl\/wp-content\/uploads\/2022\/09\/zietek_pomnik-298x300.jpg 298w, https:\/\/historyczna.slaska.zhp.pl\/wp-content\/uploads\/2022\/09\/zietek_pomnik-1018x1024.jpg 1018w, https:\/\/historyczna.slaska.zhp.pl\/wp-content\/uploads\/2022\/09\/zietek_pomnik-150x150.jpg 150w, https:\/\/historyczna.slaska.zhp.pl\/wp-content\/uploads\/2022\/09\/zietek_pomnik-768x772.jpg 768w, https:\/\/historyczna.slaska.zhp.pl\/wp-content\/uploads\/2022\/09\/zietek_pomnik-1527x1536.jpg 1527w, https:\/\/historyczna.slaska.zhp.pl\/wp-content\/uploads\/2022\/09\/zietek_pomnik.jpg 1540w\" sizes=\"(max-width: 298px) 100vw, 298px\" \/><\/a><\/p>\n<p>O\u015brodek graniczy z G\u00f3rno\u015bl\u0105skim Parkiem Etnograficznym zwanym Skansenem \u015al\u0105skim. Zajmuje obecnie 6,4 hektara (wcze\u015bniej powierzchnia wynosi\u0142a dwa razy tyle) teren\u00f3w zielonych.<\/p>\n<p>Potrzeba budowy o\u015brodka wynikn\u0119\u0142a z sytuacji odrodzenia si\u0119 Zwi\u0105zku Harcerstwa Polskiego, kt\u00f3re nast\u0105pi\u0142o po Zje\u017adzie \u0141\u00f3dzkim w grudniu 1956 roku. Od 1957 roku nast\u0105pi\u0142 dynamiczny rozw\u00f3j dru\u017cyn harcerskich i gromad zuchowych oraz organizacja komend hufc\u00f3w, do kt\u00f3rych powr\u00f3ci\u0142o wielu do\u015bwiadczonych instruktor\u00f3w harcerskich. Ujawni\u0142 si\u0119 jednak olbrzymi brak wyszkolonej kadry do obsadzania funkcji wychowawczych i organizacyjnych.<\/p>\n<p>W tym\u017ce roku funkcj\u0119 komendanta chor\u0105gwi obj\u0105\u0142 hm. J\u00f3zef Haensel \u2013 instruktor o du\u017cym do\u015bwiadczeniu organizacyjnym i wyrazistym spojrzeniu na perspektywiczny rozw\u00f3j Chor\u0105gwi. W oparciu o do\u015bwiadczonych instruktor\u00f3w powo\u0142ano sk\u0142ad komendy Chor\u0105gwi i obsad\u0119 komend hufc\u00f3w. Przyst\u0105piono natychmiast do organizowania szkole\u0144 funkcyjnych oraz kurs\u00f3w na stopnie instruktorskie. K\u0142opotem okaza\u0142 si\u0119 brak odpowiedniej bazy szkoleniowej, bowiem o\u015brodki harcerskie sprzed 1939 r. na Buczu (1931 r.) i G\u00f3rkach Wielkich (1937 r.) nie zosta\u0142y zwr\u00f3cone ZHP, pozosta\u0142y one pod zarz\u0105dem Ministerstwa Zdrowia, jako plac\u00f3wki leczniczo-wychowawcze dla dzieci (prewentoria).<\/p>\n<p>Fundamentalnym zadaniem dla ZHP by\u0142a pr\u00f3ba uzyskania rekompensaty za utracone o\u015brodki. W 1958 r. Komenda Chor\u0105gwi wyst\u0105pi\u0142a z pro\u015bb\u0105 do Wojew\u00f3dzkiej Rady Narodowej o wybudowanie \u015al\u0105skiego O\u015brodka Harcerskiego, o wielofunkcyjnym przeznaczeniu pozwalaj\u0105cym na zaspokojenie potrzeb dzia\u0142alno\u015bci programowej. Inicjatywa Komendy Chor\u0105gwi zosta\u0142a przyj\u0119ta przychylnie przez w\u0142adze wojew\u00f3dzkie. W wyniku tego ju\u017c 13 sierpnia 1958 roku zosta\u0142a podj\u0119ta uchwa\u0142a przez prezydium Wojew\u00f3dzkiej Rady Narodowej o budowie O\u015brodka. W uchwale wskazano r\u00f3wnie\u017c osob\u0119 odpowiedzialn\u0105 za jej wykonanie. By\u0142 to p\u0142k. Jerzy Zi\u0119tek &#8211; wiceprzewodnicz\u0105cy WRN. Powstanie o\u015brodka, to spora zas\u0142uga genera\u0142a Jerzego Zi\u0119tka, kt\u00f3ry uwa\u017ca\u0142, \u017ce to miejsce harcerzom po prostu si\u0119 nale\u017cy. Zi\u0119tek by\u0142 przewodnicz\u0105cym \u015al\u0105skiej Rady Przyjaci\u00f3\u0142 Harcerstwa, a sam ofiarowa\u0142 na rzecz o\u015brodka kilka osobistych rzeczy, w\u015br\u00f3d nich monety i \u015blubn\u0105 obr\u0105czk\u0119. Wskazano, by realizacj\u0119 budowy kompleksu budynk\u00f3w prowadzi\u0107 etapami i oddawa\u0107 je zaraz po wykonaniu do zagospodarowania.<\/p>\n<p style=\"text-align: center;\"><a href=\"https:\/\/historyczna.slaska.zhp.pl\/wp-content\/uploads\/2022\/09\/oh_1.png\"><img decoding=\"async\" class=\"aligncenter wp-image-1060 size-medium\" src=\"https:\/\/historyczna.slaska.zhp.pl\/wp-content\/uploads\/2022\/09\/oh_1-300x210.png\" alt=\"\" width=\"300\" height=\"210\" srcset=\"https:\/\/historyczna.slaska.zhp.pl\/wp-content\/uploads\/2022\/09\/oh_1-300x210.png 300w, https:\/\/historyczna.slaska.zhp.pl\/wp-content\/uploads\/2022\/09\/oh_1-768x538.png 768w, https:\/\/historyczna.slaska.zhp.pl\/wp-content\/uploads\/2022\/09\/oh_1.png 945w\" sizes=\"(max-width: 300px) 100vw, 300px\" \/><\/a> Projekt O\u015brodka Harcerskiego, ok. 1960. <em>\u015al\u0105ski Park Kultury<\/em>\u2026, wyd. 2, s. 199<\/p>\n<p>Budow\u0119 rozpocz\u0119to jeszcze w tym samym roku, a realizacj\u0119 harmonogramu prac kontrolowa\u0142 cz\u0119sto na terenie budowy sam pu\u0142kownik. Budowa przebiega\u0142a zgodnie z harmonogramem. Pierwszy etap oddania do u\u017cytku podstawowych obiekt\u00f3w: szko\u0142y instruktorskiej, stanicy turystycznej, pawilonu harcerskiego wyznaczono na 20.03.1964 r. W tym terminie nast\u0105pi\u0142o uroczyste przekazanie we w\u0142adanie Komendzie Katowickiej Chor\u0105gwi ZHP obiekt\u00f3w, z udzia\u0142em najwy\u017cszych w\u0142adz pa\u0144stwowych, wojew\u00f3dzkich, G\u0142\u00f3wnej Kwatery Harcerstwa, Rady G\u0142\u00f3wnej Przyjaci\u00f3\u0142 Harcerstwa oraz licznie zgromadzonej kadry i m\u0142odzie\u017cy harcerskiej.<\/p>\n<p>Spe\u0142ni\u0142y si\u0119 marzenia instruktor\u00f3w i m\u0142odzie\u017cy harcerskiej, bior\u0105cej aktywny udzia\u0142 w zagospodarowaniu pomieszcze\u0144. Moment otwarcia O\u015brodka sta\u0142 si\u0119 wielkim wydarzeniem w \u017cyciu Chor\u0105gwi.<\/p>\n<p style=\"text-align: center;\"><a href=\"https:\/\/historyczna.slaska.zhp.pl\/wp-content\/uploads\/2022\/09\/oh_2.png\"><img decoding=\"async\" class=\"aligncenter wp-image-1061 size-medium\" src=\"https:\/\/historyczna.slaska.zhp.pl\/wp-content\/uploads\/2022\/09\/oh_2-300x146.png\" alt=\"\" width=\"300\" height=\"146\" srcset=\"https:\/\/historyczna.slaska.zhp.pl\/wp-content\/uploads\/2022\/09\/oh_2-300x146.png 300w, https:\/\/historyczna.slaska.zhp.pl\/wp-content\/uploads\/2022\/09\/oh_2-768x374.png 768w, https:\/\/historyczna.slaska.zhp.pl\/wp-content\/uploads\/2022\/09\/oh_2.png 945w\" sizes=\"(max-width: 300px) 100vw, 300px\" \/><\/a> O\u015brodek Harcerski. Archiwum O\u015brodka Harcerskiego w Chorzowie.<\/p>\n<p>\nUchwa\u0142\u0105 z dnia 30. 10. 1963 r. komenda Chor\u0105gwi powo\u0142a\u0142a:<\/p>\n<ul>\n<li>na kierownika O\u015brodka harcerskiego Chor\u0105gwi Katowickiej hm. W\u0142odzimierza Kosmal\u0119 &#8211; b. kierownika wydzia\u0142u GKH,<\/li>\n<li>na zast\u0119pc\u0119 kierownika O\u015brodka d\/s administracyjno-organizacyjnych &#8211; g\u0142\u00f3wnego ksi\u0119gowego hm. Franciszka Szcz\u0119\u015bniewskiego &#8211; b. kierownika wydzia\u0142u fin.-gosp. KCh<\/li>\n<\/ul>\n<p>Powo\u0142ano r\u00f3wnie\u017c kierownik\u00f3w pawilon\u00f3w:<\/p>\n<ul>\n<li>Kierownikiem pawilonu harcerskiego zosta\u0142 hm. Jan Dymarski &#8211; b. komendant hufca Sosnowiec<\/li>\n<li>Kierownikiem Szko\u0142y Instruktorskiej zosta\u0142 hm. Zygmunt B\u0142\u0119dowski &#8211; b. kierownik wydzia\u0142u m\u0142odzie\u017cy m\u0142odszej KCh<\/li>\n<li>Kierownikiem Stanicy Turystycznej zosta\u0142a pwd. Maria Kisperska<\/li>\n<\/ul>\n<p style=\"text-align: center;\"><a href=\"https:\/\/historyczna.slaska.zhp.pl\/wp-content\/uploads\/2022\/09\/oh_3.png\"><img loading=\"lazy\" decoding=\"async\" class=\"aligncenter wp-image-1062 size-medium\" src=\"https:\/\/historyczna.slaska.zhp.pl\/wp-content\/uploads\/2022\/09\/oh_3-300x189.png\" alt=\"\" width=\"300\" height=\"189\" srcset=\"https:\/\/historyczna.slaska.zhp.pl\/wp-content\/uploads\/2022\/09\/oh_3-300x189.png 300w, https:\/\/historyczna.slaska.zhp.pl\/wp-content\/uploads\/2022\/09\/oh_3-768x484.png 768w, https:\/\/historyczna.slaska.zhp.pl\/wp-content\/uploads\/2022\/09\/oh_3.png 945w\" sizes=\"(max-width: 300px) 100vw, 300px\" \/><\/a> Jeden z pawilon\u00f3w O\u015brodka Harcerskiego w Chorzowie. Archiwum O\u015brodka Harcerskiego w Chorzowie<\/p>\n<p>O\u015brodek rozpocz\u0105\u0142 aktywn\u0105 i r\u00f3\u017cnorodn\u0105 dzia\u0142alno\u015b\u0107 wynikaj\u0105c\u0105 z programu Chor\u0105gwi w zakresie szkolenia kadr do zada\u0144 programowych w zakresie metodyki harcerskiej, turystyki i krajoznawstwa, wychowania techniczno-specjalno\u015bciowego.<br \/>\nW okresie funkcjonowania O\u015brodka nast\u0105pi\u0142o wiele zmian na stanowiskach kierowniczych. Mi\u0119dzy innymi funkcj\u0119 kierownika o\u015brodka kolejno pe\u0142nili:<\/p>\n<ul>\n<li>hm. W\u0142odzimierz Kosmala stycze\u0144 1964 &#8211; marzec 1965<\/li>\n<li>hm. Franciszek Kisperski kwiecie\u0144 1965 &#8211; luty 1972<\/li>\n<li>hm. Zygmunt B\u0142\u0119dowski marzec 1972 &#8211; lipiec 1988<\/li>\n<li>hm. Ryszard Kusina sierpie\u0144 1988 &#8211; pa\u017adziernik 1989<\/li>\n<li>hm. Mariusz Jachta listopad 1989 &#8211; grudzie\u0144 1991<\/li>\n<li>hm. Jacek Nazimek stycze\u0144 1992 &#8211; marzec 1995<\/li>\n<li>hm. Andrzej Lichota kwiecie\u0144 1995 &#8211; nadal<\/li>\n<\/ul>\n<p style=\"text-align: center;\"><strong>***<br \/>\nSzko\u0142a instruktorska<\/strong><\/p>\n<p>Organizatorem Szko\u0142y Instruktorskiej by\u0142 hm. Zygmunt B\u0142\u0119dowski. Postawi\u0142 on wysok\u0105 poprzeczk\u0119 na kursach namiestnik\u00f3w zuchowych, dru\u017cynowych, szczepowych i innych funkcyjnych. Instruktorzy uczestnicz\u0105cy w kursach pozytywnie oceniali zar\u00f3wno poziom zaj\u0119\u0107 programowych jak r\u00f3wnie\u017c panuj\u0105c\u0105 w szkole atmosfer\u0119. W kursach uczestniczyli instruktorzy i harcerze z r\u00f3\u017cnych chor\u0105gwi.<\/p>\n<p style=\"text-align: center;\"><strong>Pawilon harcerski zmieni\u0142 nazw\u0119 na Pawilon Techniki<\/strong><\/p>\n<p>Organizatorem prac pawilonu by\u0142 hm. Jan Dymarski, do\u015bwiadczony organizator i specjalista w zakresie obozownictwa.<\/p>\n<p style=\"text-align: center;\"><a href=\"https:\/\/historyczna.slaska.zhp.pl\/wp-content\/uploads\/2022\/09\/oh_4.png\"><img loading=\"lazy\" decoding=\"async\" class=\"aligncenter wp-image-1063 size-medium\" src=\"https:\/\/historyczna.slaska.zhp.pl\/wp-content\/uploads\/2022\/09\/oh_4-300x197.png\" alt=\"\" width=\"300\" height=\"197\" srcset=\"https:\/\/historyczna.slaska.zhp.pl\/wp-content\/uploads\/2022\/09\/oh_4-300x197.png 300w, https:\/\/historyczna.slaska.zhp.pl\/wp-content\/uploads\/2022\/09\/oh_4-768x505.png 768w, https:\/\/historyczna.slaska.zhp.pl\/wp-content\/uploads\/2022\/09\/oh_4.png 993w\" sizes=\"(max-width: 300px) 100vw, 300px\" \/><\/a> Pawilony O\u015brodka Harcerskiego w Chorzowie, fot. Jerzy W. Brzoza. <em>Oaza pod rudym\u2026<\/em><\/p>\n<p>Zmiana nazwy pawilonu wynikn\u0119\u0142a ze zmiany za\u0142o\u017ce\u0144 programowych wskazuj\u0105cych na rozwijanie zainteresowa\u0144 technicznych m\u0142odzie\u017cy. W pawilonie zosta\u0142y stworzone odpowiednie warunki dla podj\u0119cia rozwoju specjalno\u015bci technicznych i produkcji sprz\u0119tu obozowego. Dla realizacji tego celu nawi\u0105zano liczne kontakty z zak\u0142adami produkcyjnymi, kt\u00f3re wspiera\u0142y materialnie i sprz\u0119towo t\u0119 dzia\u0142alno\u015b\u0107.<br \/>\nW porozumieniu z zak\u0142adami, pawilon wyposa\u017cono w urz\u0105dzenia i maszyny, m.in.: obrabiarki, pi\u0142y itp. s\u0142u\u017c\u0105ce do produkcji sprz\u0119tu obozowego.<\/p>\n<p>Hm. Jan Dymarski ju\u017c jako komendant hufca wspiera\u0142 wprowadzanie nowoczesno\u015bci w obozownictwie, w oparciu o hufcow\u0105 stanic\u0119 techniczn\u0105. W nowym miejscu stworzy\u0142 warunki na szerok\u0105 skal\u0119 produkowania wyposa\u017cenia namiot\u00f3w w sprz\u0119t taki jak: \u0142\u00f3\u017cka, \u0142awki, stoliki itp. Produkowano r\u00f3wnie\u017c konstrukcje namiot\u00f3w kuchni, umywalni, latryn. O\u015brodek zaopatrywa\u0142 w te urz\u0105dzenia macierzyste hufce oraz z innych chor\u0105gwi.<br \/>\nPawilon stanowi\u0142 baz\u0119 do dzia\u0142ania dru\u017cyn specjalno\u015bciowych, pilotowa\u0142 imprezy lub udziela\u0142 pomocy przy ich organizacji o charakterze techniczno-obronnym, zawod\u00f3w specjalno\u015bciowych z dziedziny \u0142\u0105czno\u015bci, kr\u00f3tkofalarstwa, M\u0142odzie\u017cowej S\u0142u\u017cby Ruchu, olimpiad naukowo-technicznych, olimpiad o wiedzy technicznej i manewr\u00f3w techniczno-obronnych, Turniej\u00f3w Bezpiecze\u0144stwa Ruchu Drogowego.<\/p>\n<p style=\"text-align: center;\"><a href=\"https:\/\/historyczna.slaska.zhp.pl\/wp-content\/uploads\/2022\/09\/oh_5.png\"><img loading=\"lazy\" decoding=\"async\" class=\"aligncenter wp-image-1064 size-medium\" src=\"https:\/\/historyczna.slaska.zhp.pl\/wp-content\/uploads\/2022\/09\/oh_5-300x200.png\" alt=\"\" width=\"300\" height=\"200\" srcset=\"https:\/\/historyczna.slaska.zhp.pl\/wp-content\/uploads\/2022\/09\/oh_5-300x200.png 300w, https:\/\/historyczna.slaska.zhp.pl\/wp-content\/uploads\/2022\/09\/oh_5-768x513.png 768w, https:\/\/historyczna.slaska.zhp.pl\/wp-content\/uploads\/2022\/09\/oh_5.png 945w\" sizes=\"(max-width: 300px) 100vw, 300px\" \/><\/a> Miasteczko ruchu drogowego \u201eZebra\u201d, fot. Jerzy W. Brzoza. <em>Oaza pod rudym\u2026<\/em><\/p>\n<p>\nW OH dzia\u0142a\u0142y:<\/p>\n<ul>\n<li>M\u0142odzie\u017cowe Towarzystwo Naukowe, kt\u00f3re prowadzi\u0142 hm. Jerzy Pniok i hm. dr Zygmunt Kalisz,<\/li>\n<li>Komitet organizacji olimpiad wiedzy technicznej, koordynowany przez hm. Janusza Polaka,<\/li>\n<li>pierwszy harcerski klub informatyczny,<\/li>\n<li>Chor\u0105gwiany Inspektorat \u0141\u0105czno\u015bci.<\/li>\n<\/ul>\n<p>Siedzib\u0119 mia\u0142 te\u017c kr\u0105g instruktorski przy \u015al\u0105skiej Akademii Medycznej kierowany przez hm. prof. dr hab. Krystyn\u0119 Karczewsk\u0105.<\/p>\n<p style=\"text-align: center;\"><strong>Stanica Turystyczna<\/strong><\/p>\n<p>Stanowi\u0142a baz\u0119 do realizacji zada\u0144 z zakresu organizacji turystyki dla harcerzy, dzieci i m\u0142odzie\u017cy naszego regionu oraz przyje\u017cd\u017caj\u0105cych spoza wojew\u00f3dztwa katowickiego. Tu wypracowywano r\u00f3\u017cne formy turystyki krajoznawczej i przemys\u0142owej, a tak\u017ce aktywizowano grupy do zaj\u0119\u0107 rekreacyjno-sportowych. W tym zakresie Stanica spe\u0142nia\u0142a wa\u017cn\u0105 rol\u0119, bowiem harcerski program zawiera\u0142 bogat\u0105 palet\u0119 imprez o charakterze turystycznym w formie biwak\u00f3w, zlot\u00f3w, wycieczek.<br \/>\nWymieni\u0107 mo\u017cna np. formy cyklicznych imprez oraz przedsi\u0119wzi\u0119cia jednorazowe:<\/p>\n<ul>\n<li>&#8222;Nieobozowe lato\u201d, \u201eLato w mie\u015bcie&#8221;,<\/li>\n<li>Zloty Chor\u0105gwi na terenach biwakowych,<\/li>\n<li>Zloty dla dzieci z dom\u00f3w dziecka pod has\u0142em &#8222;Po prostu serce&#8221; wsp\u00f3\u0142organizowane z red. &#8222;Wieczoru&#8221;,<\/li>\n<li>Mi\u0119dzynarodowa akcja letnia &#8222;MALTA&#8221; przez osiem kolejnych lat z udzia\u0142em oko\u0142o 30 delegacji zagranicznych ze wszystkich kontynent\u00f3w,<\/li>\n<li>Zlot skaut\u00f3w \u015brodkowoeuropejskich &#8222;Silesia&#8221;.<\/li>\n<\/ul>\n<p>W o\u015brodku zapocz\u0105tkowa\u0142 swoj\u0105 dzia\u0142alno\u015b\u0107, powo\u0142any 29.11.1979 r. harcerski klub biegu na orientacj\u0119 &#8222;Zamonit&#8221; zarejestrowany w &#8222;PZLA&#8221;. Klub dzia\u0142a\u0142 w oparciu o O\u015brodek organizuj\u0105c zawody, szkolenia s\u0119dzi\u00f3w, opracowuj\u0105c mapy, m. in. map\u0119 WPKiW. G\u0142\u00f3wnym organizatorem tej dyscypliny by\u0142 nasz specjalista w tej dziedzinie, hm. Jerzy Dymarski. On te\u017c wraz z hm. Krzysztofem Witkowskim prowadzi\u0142 przez oko\u0142o 35 lat w\u0119dr\u00f3wki po Jurze Krakowsko-Cz\u0119stochowskiej w ramach akcji Zamonit oraz po Beskidach w ramach akcji Klimczok.<\/p>\n<p style=\"text-align: center;\"><a href=\"https:\/\/historyczna.slaska.zhp.pl\/wp-content\/uploads\/2022\/09\/oh_6.png\"><img loading=\"lazy\" decoding=\"async\" class=\"aligncenter wp-image-1065 size-medium\" src=\"https:\/\/historyczna.slaska.zhp.pl\/wp-content\/uploads\/2022\/09\/oh_6-300x192.png\" alt=\"\" width=\"300\" height=\"192\" srcset=\"https:\/\/historyczna.slaska.zhp.pl\/wp-content\/uploads\/2022\/09\/oh_6-300x192.png 300w, https:\/\/historyczna.slaska.zhp.pl\/wp-content\/uploads\/2022\/09\/oh_6-768x492.png 768w, https:\/\/historyczna.slaska.zhp.pl\/wp-content\/uploads\/2022\/09\/oh_6.png 945w\" sizes=\"(max-width: 300px) 100vw, 300px\" \/><\/a> Rok 1981<\/p>\n<p>O\u015brodek go\u015bci\u0142 wielu wybitnych osobisto\u015bci ze \u015bwiata polityki, kultury, sportu, nauki. Okazj\u0105 by\u0142o r\u00f3wnie\u017c goszczenie kosmonaut\u00f3w: Jurija Gagarina i Walentiny Tierieszkowej oraz pierwszego polskiego kosmonauty Miros\u0142awa Hermaszewskiego.<\/p>\n<p>W czasie swego istnienia O\u015brodek przechodzi\u0142 wiele transformacji. Decyzj\u0105 naczelnika ZHP z 29 pa\u017adziernika 1991 roku, O\u015brodek harcerski w Chorzowie zosta\u0142 przekszta\u0142camy w Zak\u0142ad Dzia\u0142alno\u015bci Gospodarczej, aby opr\u00f3cz dzia\u0142alno\u015bci harcerskiej mo\u017cna by\u0142o prowadzi\u0107 dzia\u0142alno\u015b\u0107 zarobkow\u0105 wspieraj\u0105c dzia\u0142alno\u015b\u0107 statutow\u0105 \u015al\u0105skiej Chor\u0105gwi.<\/p>\n<p>Obecnie O\u015brodek harcerski odgrywa dla \u015al\u0105skiej Chor\u0105gwi ZHP nadrz\u0119dn\u0105 rol\u0119 zaplecza szkoleniowo-metodycznego. Odbywaj\u0105 si\u0119 tutaj zbi\u00f3rki oraz seminaria dru\u017cynowych, namiestnik\u00f3w oraz komend Hufc\u00f3w. Swoj\u0105 siedzib\u0119 znalaz\u0142 tu r\u00f3wnie\u017c Gabinet historii harcerskiej s\u0142u\u017cby.<\/p>\n<p>O\u015brodek obecnie jest siedzib\u0105 Komendy \u015al\u0105skiej Chor\u0105gwi ZHP, Chor\u0105gwianej Szko\u0142y Instruktorskiej oraz Harcerskiego Centrum Edukacji Ekologicznej, a tak\u017ce O\u015brodka Doskonalenia Nauczycieli i Instruktor\u00f3w.<br \/>\nPo przeniesieniu siedziby komendy chor\u0105gwi, O\u015brodek sta\u0142 si\u0119 siedzib\u0105 statutowych w\u0142adz chor\u0105gwi.<\/p>\n<p>Opracowanie: hm. Mieczys\u0142aw Bra\u0144ka, hm. Maria Stangrecka<\/p>\n","protected":false},"excerpt":{"rendered":"<p>O\u015brodek Harcerski jest po\u0142o\u017cony w Chorzowie nieopodal Stadionu \u015al\u0105skiego, przy Alei Harcerskiej 3. Historycznie jest miejscem zwi\u0105zanym z Parkiem \u015al\u0105skim i od pocz\u0105tku po\u0142o\u017conym w jego granicach. Od roku 1963 jest administrowany przez \u015al\u0105sk\u0105 Chor\u0105giew Zwi\u0105zku Harcerstwa Polskiego, a w roku 2014 (na mocy uchwa\u0142y Sejmiku Wojew\u00f3dztwa \u015al\u0105skiego) zosta\u0142 jej przekazany w u\u017cytkowanie wieczyste. O\u015brodek [&hellip;]<\/p>\n","protected":false},"author":2,"featured_media":0,"parent":81,"menu_order":0,"comment_status":"closed","ping_status":"closed","template":"","meta":{"postBodyCss":"","postBodyMargin":[],"postBodyPadding":[],"postBodyBackground":{"backgroundType":"classic","gradient":""},"footnotes":""},"class_list":["post-1050","page","type-page","status-publish","hentry"],"_links":{"self":[{"href":"https:\/\/historyczna.slaska.zhp.pl\/index.php?rest_route=\/wp\/v2\/pages\/1050","targetHints":{"allow":["GET"]}}],"collection":[{"href":"https:\/\/historyczna.slaska.zhp.pl\/index.php?rest_route=\/wp\/v2\/pages"}],"about":[{"href":"https:\/\/historyczna.slaska.zhp.pl\/index.php?rest_route=\/wp\/v2\/types\/page"}],"author":[{"embeddable":true,"href":"https:\/\/historyczna.slaska.zhp.pl\/index.php?rest_route=\/wp\/v2\/users\/2"}],"replies":[{"embeddable":true,"href":"https:\/\/historyczna.slaska.zhp.pl\/index.php?rest_route=%2Fwp%2Fv2%2Fcomments&post=1050"}],"version-history":[{"count":9,"href":"https:\/\/historyczna.slaska.zhp.pl\/index.php?rest_route=\/wp\/v2\/pages\/1050\/revisions"}],"predecessor-version":[{"id":1052,"href":"https:\/\/historyczna.slaska.zhp.pl\/index.php?rest_route=\/wp\/v2\/pages\/1050\/revisions\/1052"}],"up":[{"embeddable":true,"href":"https:\/\/historyczna.slaska.zhp.pl\/index.php?rest_route=\/wp\/v2\/pages\/81"}],"wp:attachment":[{"href":"https:\/\/historyczna.slaska.zhp.pl\/index.php?rest_route=%2Fwp%2Fv2%2Fmedia&parent=1050"}],"curies":[{"name":"wp","href":"https:\/\/api.w.org\/{rel}","templated":true}]}}