{"id":134,"date":"2019-03-09T19:18:01","date_gmt":"2019-03-09T18:18:01","guid":{"rendered":"http:\/\/historyczna.slaska.zhp.pl\/?page_id=134"},"modified":"2020-01-03T01:24:59","modified_gmt":"2020-01-03T00:24:59","slug":"komendantki-i-komendanci-choragwii","status":"publish","type":"page","link":"https:\/\/historyczna.slaska.zhp.pl\/?page_id=134","title":{"rendered":"Od pocz\u0105tku do 1924"},"content":{"rendered":"<p>Strona w trakcie ci\u0105g\u0142ej aktualizacji!<\/p>\n<p><strong>Sekcja Harcerska przy Wydziale Kulturalno-O\u015bwiatowym Polskiego Komisariatu Plebiscytowego:<\/strong><\/p>\n<ul style=\"list-style-type: none\">\n<li>IV &#8211; 15 VI 1920 \u2013 St\u0119\u015blicki Stefan<\/li>\n<li>15 VI 1920 &#8211; 30 VII 1920 \u2013 <a href=\"http:\/\/historyczna.slaska.zhp.pl\/wp-content\/uploads\/2019\/05\/Soltys_Milosz.pdf\" target=\"_blank\" rel=\"noopener noreferrer\">So\u0142tys Mi\u0142osz<\/a><\/li>\n<\/ul>\n<p><strong>Sekcja Harcerska przy Wydziale Wychowania Fizycznego Polskiego Komisariatu Plebiscytowego:<\/strong><\/p>\n<ul style=\"list-style-type: none\">\n<li>30 VII 1920 &#8211; XI 1920 \u2013 <a href=\"http:\/\/historyczna.slaska.zhp.pl\/wp-content\/uploads\/2019\/05\/Wawrzyniak_Jan.pdf\" target=\"_blank\" rel=\"noopener noreferrer\">Wawrzyniak Jan<\/a><\/li>\n<\/ul>\n<p><strong>Inspektorat Harcerski Okr\u0119gu G\u00f3rny \u015al\u0105sk:<\/strong><br \/>\nInspektorzy:<\/p>\n<ul style=\"list-style-type: none\">\n<li>30 VII 1920 &#8211; 5 VII 1921 \u2013 phm. <a href=\"http:\/\/historyczna.slaska.zhp.pl\/wp-content\/uploads\/2019\/05\/Soltys_Milosz.pdf\" target=\"_blank\" rel=\"noreferrer noopener\">So\u0142tys Mi\u0142osz<\/a><\/li>\n<li>5 VII 1921 &#8211; 20 III 1924 \u2013 <a href=\"http:\/\/historyczna.slaska.zhp.pl\/wp-content\/uploads\/2019\/05\/Przybyla_Jan.pdf\" target=\"_blank\" rel=\"noreferrer noopener\">Przyby\u0142a Jan<\/a><\/li>\n<\/ul>\n<p>Kierowniczki sekcji \u017ce\u0144skiej:<\/p>\n<ul style=\"list-style-type: none\">\n<li>30 VII 1920 &#8211; 8 IV 1921 \u2013 <a href=\"http:\/\/historyczna.slaska.zhp.pl\/wp-content\/uploads\/2019\/05\/Soltysowa_Jadwiga.pdf\" target=\"_blank\" rel=\"noreferrer noopener\">So\u0142tysowa Jadwiga<\/a><\/li>\n<li>8 IV 1921 &#8211; 1 VII 1922 \u2013 <a href=\"http:\/\/historyczna.slaska.zhp.pl\/wp-content\/uploads\/2019\/05\/Jordan-Lowinska_Wanda.pdf\" target=\"_blank\" rel=\"noreferrer noopener\">Jordan\u00f3wna Wanda<\/a><\/li>\n<\/ul>\n<p>Kierownicy sekcji m\u0119skiej:<\/p>\n<ul style=\"list-style-type: none\">\n<li>30 VII 1920 &#8211; X? 1920 \u2013 Powiecki Franciszek<\/li>\n<li>X? 1920 &#8211; 13 XII 1920 \u2013 <a href=\"http:\/\/historyczna.slaska.zhp.pl\/wp-content\/uploads\/2019\/05\/Olbromski_Antoni.pdf\" target=\"_blank\" rel=\"noreferrer noopener\">Olbromski Antoni<\/a><\/li>\n<li>13 XII 1920 &#8211; 10 II 1921 \u2013 <a href=\"http:\/\/historyczna.slaska.zhp.pl\/wp-content\/uploads\/2019\/05\/Wawrzyniak_Jan.pdf\" target=\"_blank\" rel=\"noreferrer noopener\">Wawrzyniak Jan<\/a><\/li>\n<li>10 II 1921 &#8211; 7 VII 1921 \u2013 phm. Krauze Antoni<\/li>\n<li>7 VII 1921 &#8211; 1 VII 1922 \u2013 <a href=\"http:\/\/historyczna.slaska.zhp.pl\/wp-content\/uploads\/2019\/05\/Bek_Jan.pdf\" target=\"_blank\" rel=\"noreferrer noopener\">Bek Jan<\/a><\/li>\n<\/ul>\n<p><strong>G\u00f3rno\u015bl\u0105ski Okr\u0119g \u017be\u0144ski:<\/strong><\/p>\n<ul style=\"list-style-type: none\">\n<li>22 VII 1922 \u2013 15 III 1924 \u2013 <a href=\"http:\/\/historyczna.slaska.zhp.pl\/wp-content\/uploads\/2019\/05\/Jordan-Lowinska_Wanda.pdf\" target=\"_blank\" rel=\"noreferrer noopener\">phm. Jordan\u00f3wna Wanda<\/a><\/li>\n<\/ul>\n<p><strong>G\u00f3rno\u015bl\u0105ski Okr\u0119g M\u0119ski:<\/strong><\/p>\n<ul style=\"list-style-type: none\">\n<li>1 VII 1922 \u2013 1 IX 1922 \u2013 <a href=\"http:\/\/historyczna.slaska.zhp.pl\/wp-content\/uploads\/2019\/05\/Bek_Jan.pdf\" target=\"_blank\" rel=\"noreferrer noopener\">Bek Jan<\/a><\/li>\n<li>1 IX 1922 \u2013 15 III 1924 \u2013 <a href=\"http:\/\/historyczna.slaska.zhp.pl\/wp-content\/uploads\/2019\/05\/Jordan-Lowinska_Wanda.pdf\" target=\"_blank\" rel=\"noreferrer noopener\">phm. Jordan\u00f3wna Wanda<\/a><\/li>\n<\/ul>\n<p>&nbsp;<\/p>\n<p>Opracowano na podstawie:<\/p>\n<ul style=\"list-style-type: none\">\n<li>&#8211; materia\u0142y dh. Eugeniusza Loski,<\/li>\n<li>&#8211; Tadeusz Czylok, &#8222;Harcerska lilijka na G\u00f3rnym \u015al\u0105sku&#8221;, Katowice 2003<\/li>\n<li>&#8211; Olgierd Fietkiewicz (red.), &#8222;Leksykon Harcerstwa&#8221;, Warszawa 1988<\/li>\n<li>&#8211; &#8222;Z dziej\u00f3w harcerstwa \u015bl\u0105skiego&#8221;, Katowice 1985<\/li>\n<li>&#8211; Wiadomo\u015bci Urz\u0119dowe ZHP<\/li>\n<\/ul>\n","protected":false},"excerpt":{"rendered":"<p>Strona w trakcie ci\u0105g\u0142ej aktualizacji! Sekcja Harcerska przy Wydziale Kulturalno-O\u015bwiatowym Polskiego Komisariatu Plebiscytowego: IV &#8211; 15 VI 1920 \u2013 St\u0119\u015blicki Stefan 15 VI 1920 &#8211; 30 VII 1920 \u2013 So\u0142tys Mi\u0142osz Sekcja Harcerska przy Wydziale Wychowania Fizycznego Polskiego Komisariatu Plebiscytowego: 30 VII 1920 &#8211; XI 1920 \u2013 Wawrzyniak Jan Inspektorat Harcerski Okr\u0119gu G\u00f3rny \u015al\u0105sk: Inspektorzy: [&hellip;]<\/p>\n","protected":false},"author":2,"featured_media":0,"parent":81,"menu_order":0,"comment_status":"closed","ping_status":"closed","template":"","meta":{"postBodyCss":"","postBodyMargin":[],"postBodyPadding":[],"postBodyBackground":{"backgroundType":"classic","gradient":""},"footnotes":""},"class_list":["post-134","page","type-page","status-publish","hentry"],"_links":{"self":[{"href":"https:\/\/historyczna.slaska.zhp.pl\/index.php?rest_route=\/wp\/v2\/pages\/134","targetHints":{"allow":["GET"]}}],"collection":[{"href":"https:\/\/historyczna.slaska.zhp.pl\/index.php?rest_route=\/wp\/v2\/pages"}],"about":[{"href":"https:\/\/historyczna.slaska.zhp.pl\/index.php?rest_route=\/wp\/v2\/types\/page"}],"author":[{"embeddable":true,"href":"https:\/\/historyczna.slaska.zhp.pl\/index.php?rest_route=\/wp\/v2\/users\/2"}],"replies":[{"embeddable":true,"href":"https:\/\/historyczna.slaska.zhp.pl\/index.php?rest_route=%2Fwp%2Fv2%2Fcomments&post=134"}],"version-history":[{"count":43,"href":"https:\/\/historyczna.slaska.zhp.pl\/index.php?rest_route=\/wp\/v2\/pages\/134\/revisions"}],"predecessor-version":[{"id":785,"href":"https:\/\/historyczna.slaska.zhp.pl\/index.php?rest_route=\/wp\/v2\/pages\/134\/revisions\/785"}],"up":[{"embeddable":true,"href":"https:\/\/historyczna.slaska.zhp.pl\/index.php?rest_route=\/wp\/v2\/pages\/81"}],"wp:attachment":[{"href":"https:\/\/historyczna.slaska.zhp.pl\/index.php?rest_route=%2Fwp%2Fv2%2Fmedia&parent=134"}],"curies":[{"name":"wp","href":"https:\/\/api.w.org\/{rel}","templated":true}]}}