{"id":155,"date":"2019-03-09T21:32:26","date_gmt":"2019-03-09T20:32:26","guid":{"rendered":"http:\/\/historyczna.slaska.zhp.pl\/?page_id=155"},"modified":"2021-08-26T19:00:37","modified_gmt":"2021-08-26T17:00:37","slug":"hufcowe-komisje-historyczne","status":"publish","type":"page","link":"https:\/\/historyczna.slaska.zhp.pl\/?page_id=155","title":{"rendered":"Hufcowe Komisje Historyczne"},"content":{"rendered":"<p><strong><a href=\"https:\/\/www.beskidzki.zhp.pl\/struktura\/zespoly\/historyczny.html\" target=\"_blank\" rel=\"noopener noreferrer\">Beskidzki<\/a><br \/>\n<\/strong>Przewodnicz\u0105ca: hm. Ewa Kossowska<\/p>\n<p><strong><a href=\"https:\/\/www.chrzanow.zhp.pl\/zespol-historyczny\/\" target=\"_blank\" rel=\"noopener noreferrer\">Chrzan\u00f3w<\/a><br \/>\n<\/strong>Przewodnicz\u0105cy: hm. Janusz Krupnik<\/p>\n<p><strong><a href=\"http:\/\/www.czechowice-dziedzice.zhp.pl\/historyczna\" target=\"_blank\" rel=\"noopener noreferrer\">Czechowice-Dziedzice<\/a><br \/>\n<\/strong>Przewodnicz\u0105cy: hm. Marian Hankus<strong><br \/>\n<\/strong><\/p>\n<p><strong><a href=\"https:\/\/czestochowa.zhp.pl\/komisja-historyczna\/\" target=\"_blank\" rel=\"noopener noreferrer\">Cz\u0119stochowa<\/a><br \/>\n<\/strong>Przewodnicz\u0105ca: hm. Halina Pa\u0142ka<\/p>\n<p><strong><a href=\"https:\/\/dabrowagornicza.zhp.pl\/?page_id=120\" target=\"_blank\" rel=\"noopener noreferrer\">D\u0105browa G\u00f3rnicza<\/a><br \/>\n<\/strong>Przewodnicz\u0105cy: hm. Grzegorz Przybylak HR<\/p>\n<p><strong><a href=\"https:\/\/jaworzno.zhp.pl\/komisje-i-zespoly\/komisja-historyczna-hufca\/\" target=\"_blank\" rel=\"noopener noreferrer\">Jaworzno<\/a><br \/>\n<\/strong>Z-ca Przewodnicz\u0105cej: pwd. Jolanta Guja<\/p>\n<p><strong>Katowice<\/strong><br \/>\nPrzewodnicz\u0105cy: hm. Ignacy &#8222;Walek&#8221; Nendza<strong><br \/>\n<\/strong><\/p>\n<p><strong><a href=\"http:\/\/www.historia.lubliniec.zhp.pl\/\" target=\"_blank\" rel=\"noopener noreferrer\">Lubliniec<\/a><br \/>\n<\/strong>Przewodnicz\u0105cy: phm. Bart\u0142omiej Zb\u0105czyniak<\/p>\n<p><strong><a href=\"http:\/\/www.myslowice.zhp.pl\/wladze-hufca\/historia\/\" target=\"_blank\" rel=\"noopener noreferrer\">Mys\u0142owice<\/a><\/strong><strong><br \/>\n<\/strong><\/p>\n<p><strong><a href=\"https:\/\/hufiecrudaslaska.pl\/historia.htm\" target=\"_blank\" rel=\"noopener noreferrer\">Ruda \u015al\u0105ska<\/a><\/strong><\/p>\n<p><strong><a href=\"https:\/\/www.sosnowiec.zhp.pl\/szablon.php?tresc_g=hufiec_kh\" target=\"_blank\" rel=\"noopener noreferrer\">Sosnowiec<\/a><br \/>\n<\/strong>Przewodnicz\u0105cy: hm. Ryszard Kruszewski<\/p>\n<p><strong>Ziemi B\u0119dzi\u0144skiej<br \/>\n<\/strong>Przewodnicz\u0105cy: hm. Zbigniew Kapu\u015bci\u0144ski<\/p>\n<p><strong>Ziemi Cieszy\u0144skiej<br \/>\n<\/strong>Przewodnicz\u0105ca: hm. Julia Ga\u0144cza<\/p>\n<p><strong><a href=\"https:\/\/gliwice.zhp.pl\/hufiec\/historia-gliwickiego-harcerstwa\/\" target=\"_blank\" rel=\"noopener noreferrer\">Ziemi Gliwickiej<\/a><\/strong><\/p>\n<p><strong><a href=\"http:\/\/myszkow.zhp.pl\/historia\/\" target=\"_blank\" rel=\"noopener noreferrer\">Ziemi Myszkowskiej<\/a><\/strong><\/p>\n<p><strong><a href=\"http:\/\/kuzniaraciborska.zhp.pl\/o-nas\/historia\/\" target=\"_blank\" rel=\"noopener noreferrer\">Ziemi Raciborskiej<\/a><\/strong><strong><br \/>\n<\/strong><\/p>\n<p><strong>Ziemi Rybnickiej<br \/>\n<\/strong>Przewodnicz\u0105cy: pwd. Adam Miera<\/p>\n<p><strong>Ziemi Zawiercia\u0144skiej<br \/>\n<\/strong>Przewodnicz\u0105ca: hm. Jolanta Dudek<\/p>\n<p><strong><a href=\"https:\/\/zory.zhp.pl\/hufiec\/o-hufcu\/\" target=\"_blank\" rel=\"noopener noreferrer\">\u017bory<\/a><br \/>\n<\/strong>Przewodnicz\u0105cy: pwd. Jakub Warzecha<\/p>\n<p><strong><a href=\"http:\/\/zywiec.zhp.pl\/index.php\/rys-historyczny\/\" target=\"_blank\" rel=\"noopener noreferrer\">\u017bywiec<\/a><\/strong><\/p>\n","protected":false},"excerpt":{"rendered":"<p>Beskidzki Przewodnicz\u0105ca: hm. Ewa Kossowska Chrzan\u00f3w Przewodnicz\u0105cy: hm. Janusz Krupnik Czechowice-Dziedzice Przewodnicz\u0105cy: hm. Marian Hankus Cz\u0119stochowa Przewodnicz\u0105ca: hm. Halina Pa\u0142ka D\u0105browa G\u00f3rnicza Przewodnicz\u0105cy: hm. Grzegorz Przybylak HR Jaworzno Z-ca Przewodnicz\u0105cej: pwd. Jolanta Guja Katowice Przewodnicz\u0105cy: hm. Ignacy &#8222;Walek&#8221; Nendza Lubliniec Przewodnicz\u0105cy: phm. Bart\u0142omiej Zb\u0105czyniak Mys\u0142owice Ruda \u015al\u0105ska Sosnowiec Przewodnicz\u0105cy: hm. Ryszard Kruszewski Ziemi B\u0119dzi\u0144skiej Przewodnicz\u0105cy: [&hellip;]<\/p>\n","protected":false},"author":2,"featured_media":0,"parent":0,"menu_order":0,"comment_status":"closed","ping_status":"closed","template":"","meta":{"postBodyCss":"","postBodyMargin":[],"postBodyPadding":[],"postBodyBackground":{"backgroundType":"classic","gradient":""},"footnotes":""},"class_list":["post-155","page","type-page","status-publish","hentry"],"_links":{"self":[{"href":"https:\/\/historyczna.slaska.zhp.pl\/index.php?rest_route=\/wp\/v2\/pages\/155","targetHints":{"allow":["GET"]}}],"collection":[{"href":"https:\/\/historyczna.slaska.zhp.pl\/index.php?rest_route=\/wp\/v2\/pages"}],"about":[{"href":"https:\/\/historyczna.slaska.zhp.pl\/index.php?rest_route=\/wp\/v2\/types\/page"}],"author":[{"embeddable":true,"href":"https:\/\/historyczna.slaska.zhp.pl\/index.php?rest_route=\/wp\/v2\/users\/2"}],"replies":[{"embeddable":true,"href":"https:\/\/historyczna.slaska.zhp.pl\/index.php?rest_route=%2Fwp%2Fv2%2Fcomments&post=155"}],"version-history":[{"count":9,"href":"https:\/\/historyczna.slaska.zhp.pl\/index.php?rest_route=\/wp\/v2\/pages\/155\/revisions"}],"predecessor-version":[{"id":837,"href":"https:\/\/historyczna.slaska.zhp.pl\/index.php?rest_route=\/wp\/v2\/pages\/155\/revisions\/837"}],"wp:attachment":[{"href":"https:\/\/historyczna.slaska.zhp.pl\/index.php?rest_route=%2Fwp%2Fv2%2Fmedia&parent=155"}],"curies":[{"name":"wp","href":"https:\/\/api.w.org\/{rel}","templated":true}]}}