{"id":225,"date":"2019-03-10T12:29:18","date_gmt":"2019-03-10T11:29:18","guid":{"rendered":"http:\/\/historyczna.slaska.zhp.pl\/?page_id=225"},"modified":"2022-05-11T17:55:54","modified_gmt":"2022-05-11T15:55:54","slug":"dla-druzynowych","status":"publish","type":"page","link":"https:\/\/historyczna.slaska.zhp.pl\/?page_id=225","title":{"rendered":"Odznaki"},"content":{"rendered":"<p><strong><span style=\"font-size: 18pt;\">Harcerskie<\/span><\/strong><\/p>\n<p style=\"text-align: center;\"><strong>Odznaka Harcerskiej S\u0142u\u017cbie Ziemi \u015al\u0105skiej<\/strong><\/p>\n<p>Odznaka <strong>\u201eHarcerskiej S\u0142u\u017cbie Ziemi \u015al\u0105skiej\u201d <\/strong>zdobywana przez zuchy, harcerzy, harcerzy starszych, w\u0119drownik\u00f3w oraz instruktor\u00f3w \u015al\u0105skiej Chor\u0105gwi ZHP, jest wyrazem zaanga\u017cowania w sprawy regionu i harcerstwa. Jej celem jest poznanie i upowszechnianie w\u015br\u00f3d cz\u0142onk\u00f3w ZHP &#8211; tradycji oraz historii naszego \u015al\u0105skiego Regionu.<\/p>\n<p style=\"text-align: center;\">By zapozna\u0107 si\u0119 z warunkami jej zdobywania &#8211; kliknij poni\u017cej<br \/>\n<a href=\"http:\/\/slaska.zhp.pl\/wp-content\/uploads\/2015\/11\/Odznaka-Harcerskiej-S%C5%82u%C5%BCbie-Ziemi-%C5%9Al%C4%85skiej.pdf\" target=\"_blank\" rel=\"noopener noreferrer\"><img fetchpriority=\"high\" decoding=\"async\" class=\"alignnone size-full wp-image-431\" src=\"http:\/\/historyczna.slaska.zhp.pl\/wp-content\/uploads\/2019\/05\/ohss2019ss.jpg\" alt=\"\" width=\"700\" height=\"386\" srcset=\"https:\/\/historyczna.slaska.zhp.pl\/wp-content\/uploads\/2019\/05\/ohss2019ss.jpg 700w, https:\/\/historyczna.slaska.zhp.pl\/wp-content\/uploads\/2019\/05\/ohss2019ss-300x165.jpg 300w\" sizes=\"(max-width: 700px) 100vw, 700px\" \/><\/a><\/p>\n<p style=\"text-align: center;\"><strong>Harcerska Odznaka Turystyczna &#8211; Lubliniec<\/strong><\/p>\n<p>W 2016 w Lubli\u0144cu zosta\u0142a ustanowiona <strong>Harcerska OdznakaTurystyczna: \u015bladami Harcerzy Hufca Lubliniec w latach 1923-1939. <\/strong>Nad odznak\u0105 pracowali druhowie: <strong>Bart\u0142omiej Zb\u0105czyniak i Kazimiera Bromer<\/strong>, a\u00a0 jej projekt przygotowa\u0142a druhna <strong>Katarzyna Tobi\u015b<\/strong>. Celem ustanowienia odznaki by\u0142o zapoznanie zuch\u00f3w, harcerzy, turyst\u00f3w i krajoznawc\u00f3w z postaciami i miejscami zwi\u0105zanymi z dzia\u0142alno\u015bci\u0105 Hufca ZHP Lubliniec w latach 1922-1939. Odznaka jest dwustopniowa. By j\u0105 zdoby\u0107 nale\u017cy odwiedzi\u0107 miejsca wykazane w regulaminie, zrobi\u0107 sobie zdj\u0119cie na tle obiektu i przes\u0142a\u0107 zgromadzony materia\u0142 w formacie pdf na adres <strong><a href=\"mailto:hot.lubliniec@gmail.com\">hot.lubliniec@gmail.com<\/a> <\/strong><\/p>\n<p style=\"text-align: center;\">Wszelkie informacje o odznace znajduj\u0105 si\u0119 na stronie HOT &#8211; kliknij poni\u017cej<\/p>\n<p style=\"text-align: center;\"><a href=\"http:\/\/kokotek.ehost.pl\/hot\/index.php\" target=\"_blank\" rel=\"noopener noreferrer\"><img decoding=\"async\" class=\"alignnone size-full wp-image-433\" src=\"http:\/\/historyczna.slaska.zhp.pl\/wp-content\/uploads\/2019\/05\/12rfta.png\" alt=\"\" width=\"429\" height=\"432\" srcset=\"https:\/\/historyczna.slaska.zhp.pl\/wp-content\/uploads\/2019\/05\/12rfta.png 429w, https:\/\/historyczna.slaska.zhp.pl\/wp-content\/uploads\/2019\/05\/12rfta-150x150.png 150w, https:\/\/historyczna.slaska.zhp.pl\/wp-content\/uploads\/2019\/05\/12rfta-298x300.png 298w\" sizes=\"(max-width: 429px) 100vw, 429px\" \/><\/a><\/p>\n<p><strong><span style=\"font-size: 18pt;\">Okoliczno\u015bciowe<\/span><\/strong><\/p>\n<p style=\"text-align: center;\"><strong>Odznaka Turystyczno Krajoznawcza &#8222;100-lecie Powsta\u0144 \u015al\u0105skich&#8221;<\/strong><\/p>\n<p>Odznaka zosta\u0142a ustanowiona jako wsp\u00f3lna inicjatywa Oddzia\u0142u PTTK Ziemi Gliwickiej, Turystycznego Klubu Kolarskiego PTTK im. W\u0142adys\u0142awa Huzy w Gliwicach i Muzeum Powsta\u0144 \u015al\u0105skich w \u015awi\u0119toch\u0142owicach w roku 100. rocznicy odzyskania niepodleg\u0142o\u015bci przez Polsk\u0119. Jej celem jest przypomnienie turystom miejsc, postaci i wydarze\u0144 zwi\u0105zanych z walkami G\u00f3rno\u015bl\u0105zak\u00f3w o przy\u0142\u0105czenie \u015al\u0105ska do Polski w I, II i III Powstaniu \u015al\u0105skim w zwi\u0105zku z przypadaj\u0105cymi rocznicami.<\/p>\n<p style=\"text-align: center;\">Wszelkie informacje o odznace &#8211; kliknij poni\u017cej<br \/>\n<a href=\"http:\/\/www.msw-pttk.org.pl\/odznaki\/reg_odznak\/reg_otk100lps.html\" target=\"_blank\" rel=\"noopener noreferrer\"><img decoding=\"async\" class=\"alignnone wp-image-450\" src=\"http:\/\/historyczna.slaska.zhp.pl\/wp-content\/uploads\/2019\/05\/100leciepowstanslaskich2019ss.jpg\" alt=\"\" width=\"506\" height=\"276\" srcset=\"https:\/\/historyczna.slaska.zhp.pl\/wp-content\/uploads\/2019\/05\/100leciepowstanslaskich2019ss.jpg 988w, https:\/\/historyczna.slaska.zhp.pl\/wp-content\/uploads\/2019\/05\/100leciepowstanslaskich2019ss-300x163.jpg 300w, https:\/\/historyczna.slaska.zhp.pl\/wp-content\/uploads\/2019\/05\/100leciepowstanslaskich2019ss-768x418.jpg 768w\" sizes=\"(max-width: 506px) 100vw, 506px\" \/><\/a><\/p>\n","protected":false},"excerpt":{"rendered":"<p>Harcerskie Odznaka Harcerskiej S\u0142u\u017cbie Ziemi \u015al\u0105skiej Odznaka \u201eHarcerskiej S\u0142u\u017cbie Ziemi \u015al\u0105skiej\u201d zdobywana przez zuchy, harcerzy, harcerzy starszych, w\u0119drownik\u00f3w oraz instruktor\u00f3w \u015al\u0105skiej Chor\u0105gwi ZHP, jest wyrazem zaanga\u017cowania w sprawy regionu i harcerstwa. Jej celem jest poznanie i upowszechnianie w\u015br\u00f3d cz\u0142onk\u00f3w ZHP &#8211; tradycji oraz historii naszego \u015al\u0105skiego Regionu. By zapozna\u0107 si\u0119 z warunkami jej zdobywania &#8211; [&hellip;]<\/p>\n","protected":false},"author":2,"featured_media":0,"parent":81,"menu_order":0,"comment_status":"closed","ping_status":"closed","template":"","meta":{"postBodyCss":"","postBodyMargin":[],"postBodyPadding":[],"postBodyBackground":{"backgroundType":"classic","gradient":""},"footnotes":""},"class_list":["post-225","page","type-page","status-publish","hentry"],"_links":{"self":[{"href":"https:\/\/historyczna.slaska.zhp.pl\/index.php?rest_route=\/wp\/v2\/pages\/225","targetHints":{"allow":["GET"]}}],"collection":[{"href":"https:\/\/historyczna.slaska.zhp.pl\/index.php?rest_route=\/wp\/v2\/pages"}],"about":[{"href":"https:\/\/historyczna.slaska.zhp.pl\/index.php?rest_route=\/wp\/v2\/types\/page"}],"author":[{"embeddable":true,"href":"https:\/\/historyczna.slaska.zhp.pl\/index.php?rest_route=\/wp\/v2\/users\/2"}],"replies":[{"embeddable":true,"href":"https:\/\/historyczna.slaska.zhp.pl\/index.php?rest_route=%2Fwp%2Fv2%2Fcomments&post=225"}],"version-history":[{"count":8,"href":"https:\/\/historyczna.slaska.zhp.pl\/index.php?rest_route=\/wp\/v2\/pages\/225\/revisions"}],"predecessor-version":[{"id":1041,"href":"https:\/\/historyczna.slaska.zhp.pl\/index.php?rest_route=\/wp\/v2\/pages\/225\/revisions\/1041"}],"up":[{"embeddable":true,"href":"https:\/\/historyczna.slaska.zhp.pl\/index.php?rest_route=\/wp\/v2\/pages\/81"}],"wp:attachment":[{"href":"https:\/\/historyczna.slaska.zhp.pl\/index.php?rest_route=%2Fwp%2Fv2%2Fmedia&parent=225"}],"curies":[{"name":"wp","href":"https:\/\/api.w.org\/{rel}","templated":true}]}}