{"id":67,"date":"2019-03-09T14:15:40","date_gmt":"2019-03-09T13:15:40","guid":{"rendered":"http:\/\/historyczna.slaska.zhp.pl\/?page_id=67"},"modified":"2026-01-13T11:19:40","modified_gmt":"2026-01-13T10:19:40","slug":"sklad-komisji","status":"publish","type":"page","link":"https:\/\/historyczna.slaska.zhp.pl\/?page_id=67","title":{"rendered":"Sk\u0142ad Komisji"},"content":{"rendered":"\t\t<div data-elementor-type=\"wp-page\" data-elementor-id=\"67\" class=\"elementor elementor-67\">\n\t\t\t\t<div class=\"elementor-element elementor-element-e5ba0d4 e-flex e-con-boxed e-con e-parent\" data-id=\"e5ba0d4\" data-element_type=\"container\" data-e-type=\"container\">\n\t\t\t\t\t<div class=\"e-con-inner\">\n\t\t<div class=\"elementor-element elementor-element-e2a140d e-con-full e-flex e-con e-child\" data-id=\"e2a140d\" data-element_type=\"container\" data-e-type=\"container\">\n\t\t\t\t<div class=\"elementor-element elementor-element-9a45338 elementor-widget elementor-widget-image\" data-id=\"9a45338\" data-element_type=\"widget\" data-e-type=\"widget\" data-widget_type=\"image.default\">\n\t\t\t\t<div class=\"elementor-widget-container\">\n\t\t\t\t\t\t\t\t\t\t\t\t\t\t\t<img decoding=\"async\" src=\"https:\/\/historyczna.slaska.zhp.pl\/wp-content\/uploads\/2025\/06\/sklad-komisji.webp\" title=\"Sk\u0142ad Komisji &#8211; Komisja Historyczna Chor\u0105gwi \u015al\u0105skiej\" alt=\"Grafika dekoracyjna zawieraj\u0105ca napis &quot;Sk\u0142ad komisji&quot;\" loading=\"lazy\" \/>\t\t\t\t\t\t\t\t\t\t\t\t\t\t\t<\/div>\n\t\t\t\t<\/div>\n\t\t\t\t<div class=\"elementor-element elementor-element-47ef376 elementor-widget elementor-widget-text-editor\" data-id=\"47ef376\" data-element_type=\"widget\" data-e-type=\"widget\" data-widget_type=\"text-editor.default\">\n\t\t\t\t<div class=\"elementor-widget-container\">\n\t\t\t\t\t\t\t\t\t<p><strong>hm. Jan PIECHACZEK &#8211; Przewodnicz\u0105cy<\/strong><\/p>\n<p><strong>Sk\u0142ad Komisji powo\u0142any z dniem 17.04.2019 (L5\/2019 z 27.04.2019):<\/strong><\/p>\n<ul>\n<li>hm. Ryszard ZAWISZ &#8211; zast\u0119pca przewodnicz\u0105cego<\/li>\n<li>pwd. \u0141ukasz STANGRECKI \u017c.j., s.m. \u2013 szef zespo\u0142u IT<\/li>\n<li>hm. Maria STANGRECKA &#8211; szef zespo\u0142u zasob\u00f3w historycznych<\/li>\n<li>hm. El\u017cbieta TABACKA &#8211; szef zespo\u0142u wydawniczego<\/li>\n<li>hm. Micha\u0142 CZERWI\u0143SKI &#8211; szef zespo\u0142u systemu archiwizacji OSA<\/li>\n<li>hm. Stanis\u0142awa J\u0118DRUSZEK\u2013SOWI\u017bD\u017bA\u0141 &#8211; sekretarz<\/li>\n<li>dh Tomasz G\u00d3RECKI \u2013 od 01.11.2021<\/li>\n<li>dh. Monika NOWROT \u2013 od 01.11.2021<\/li>\n<li>phm. Antoni S\u0141OMKA \u2013 od 01.11.2021<\/li>\n<li>pwd. Zenon WANAT \u2013 od 01.11.2021<\/li>\n<\/ul>\n<p>\u00a0<\/p>\n<p><strong>Byli cz\u0142onkowie komisji:<\/strong><\/p>\n<p>pwd. Bartek ZB\u0104CZYNIAK \u2013 cz\u0142onek prezydium ds. promocji &#8211; od 17.04.2019<br \/>H.O. Anna SZUMA\u2013KONIOR \u2013 sekretarz &#8211; od 17.04.2019 do 30.04.2025<br \/>hm. Jacek BOROWIEC &#8211; od 17.04.2019 do 30.04.2025<br \/>hm. Grzegorz PRZYBYLAK \u2013 od 01.12.2021 &#8211; do 30.04.2025<br \/>phm. Miros\u0142aw SALISZ \u2013 od 01.11.2021 &#8211; do 30.04.2025<br \/>pwd. Jakub WARZECHA \u2013 od 01.11.2021 &#8211; do 30.04.2025<\/p>\n<p>Zmarli cz\u0142onkowie komisji:<br \/>hm. Edward \u0141OKIE\u0106 \u2013 cz\u0142onek prezydium (zm. 27.06.2023)<br \/>hm. Mieczys\u0142aw BRA\u0143KA (zm. 17.08.2023)<br \/>hm. Krzysztof WITKOWSKI &#8211; Honorowy Przewodnicz\u0105cy (zm. 17.01.2025)<br \/>phm. Katarzyna DUSIO-WANAT \u2013 od 01.11.2021 (zm. 19.01.2025)<br \/>hm. Leszek SZULC j.k.\u017c.w. \u2013 zast\u0119pca przewodnicz\u0105cego &#8211; od 17.04.2019 do 30.04.2025 (zm. 29.06.2025) hm. Ryszard KRUSZEWSKI &#8211; (zm. 19.09.2025)<\/p>\t\t\t\t\t\t\t\t<\/div>\n\t\t\t\t<\/div>\n\t\t\t\t<\/div>\n\t\t<div class=\"elementor-element elementor-element-6901bca e-con-full e-flex e-con e-child\" data-id=\"6901bca\" data-element_type=\"container\" data-e-type=\"container\">\n\t\t\t\t<div class=\"elementor-element elementor-element-d80678a elementor-hidden-tablet elementor-hidden-mobile elementor-widget elementor-widget-html\" data-id=\"d80678a\" data-element_type=\"widget\" data-e-type=\"widget\" data-widget_type=\"html.default\">\n\t\t\t\t<div class=\"elementor-widget-container\">\n\t\t\t\t\t<h3>Zobacz, co u nas s\u0142ycha\u0107<\/h3>\n<iframe src=\"https:\/\/www.facebook.com\/plugins\/page.php?href=https%3A%2F%2Fwww.facebook.com%2Fprofile.php%3Fid%3D100066907041698&tabs=timeline&width=300&height=500&small_header=false&adapt_container_width=true&hide_cover=false&show_facepile=true&appId=113134452681290\" width=\"300\" height=\"500\" style=\"border:none;overflow:hidden\" scrolling=\"no\" frameborder=\"0\" allowfullscreen=\"true\" allow=\"autoplay; clipboard-write; encrypted-media; picture-in-picture; web-share\"><\/iframe>\t\t\t\t<\/div>\n\t\t\t\t<\/div>\n\t\t\t\t<\/div>\n\t\t\t\t\t<\/div>\n\t\t\t\t<\/div>\n\t\t\t\t<\/div>\n\t\t","protected":false},"excerpt":{"rendered":"<p>hm. Jan PIECHACZEK &#8211; Przewodnicz\u0105cy Sk\u0142ad Komisji powo\u0142any z dniem 17.04.2019 (L5\/2019 z 27.04.2019): hm. Ryszard ZAWISZ &#8211; zast\u0119pca przewodnicz\u0105cego pwd. \u0141ukasz STANGRECKI \u017c.j., s.m. \u2013 szef zespo\u0142u IT hm. Maria STANGRECKA &#8211; szef zespo\u0142u zasob\u00f3w historycznych hm. El\u017cbieta TABACKA &#8211; szef zespo\u0142u wydawniczego hm. Micha\u0142 CZERWI\u0143SKI &#8211; szef zespo\u0142u systemu archiwizacji OSA hm. Stanis\u0142awa [&hellip;]<\/p>\n","protected":false},"author":2,"featured_media":0,"parent":76,"menu_order":0,"comment_status":"closed","ping_status":"closed","template":"","meta":{"postBodyCss":"","postBodyMargin":[],"postBodyPadding":[],"postBodyBackground":{"backgroundType":"classic","gradient":""},"footnotes":""},"class_list":["post-67","page","type-page","status-publish","hentry"],"_links":{"self":[{"href":"https:\/\/historyczna.slaska.zhp.pl\/index.php?rest_route=\/wp\/v2\/pages\/67","targetHints":{"allow":["GET"]}}],"collection":[{"href":"https:\/\/historyczna.slaska.zhp.pl\/index.php?rest_route=\/wp\/v2\/pages"}],"about":[{"href":"https:\/\/historyczna.slaska.zhp.pl\/index.php?rest_route=\/wp\/v2\/types\/page"}],"author":[{"embeddable":true,"href":"https:\/\/historyczna.slaska.zhp.pl\/index.php?rest_route=\/wp\/v2\/users\/2"}],"replies":[{"embeddable":true,"href":"https:\/\/historyczna.slaska.zhp.pl\/index.php?rest_route=%2Fwp%2Fv2%2Fcomments&post=67"}],"version-history":[{"count":48,"href":"https:\/\/historyczna.slaska.zhp.pl\/index.php?rest_route=\/wp\/v2\/pages\/67\/revisions"}],"predecessor-version":[{"id":1966,"href":"https:\/\/historyczna.slaska.zhp.pl\/index.php?rest_route=\/wp\/v2\/pages\/67\/revisions\/1966"}],"up":[{"embeddable":true,"href":"https:\/\/historyczna.slaska.zhp.pl\/index.php?rest_route=\/wp\/v2\/pages\/76"}],"wp:attachment":[{"href":"https:\/\/historyczna.slaska.zhp.pl\/index.php?rest_route=%2Fwp%2Fv2%2Fmedia&parent=67"}],"curies":[{"name":"wp","href":"https:\/\/api.w.org\/{rel}","templated":true}]}}