{"id":79,"date":"2019-03-09T14:36:45","date_gmt":"2019-03-09T13:36:45","guid":{"rendered":"http:\/\/historyczna.slaska.zhp.pl\/?page_id=79"},"modified":"2025-06-06T12:38:05","modified_gmt":"2025-06-06T10:38:05","slug":"plan-pracy","status":"publish","type":"page","link":"https:\/\/historyczna.slaska.zhp.pl\/?page_id=79","title":{"rendered":"Plan pracy"},"content":{"rendered":"\t\t<div data-elementor-type=\"wp-page\" data-elementor-id=\"79\" class=\"elementor elementor-79\">\n\t\t\t\t<div class=\"elementor-element elementor-element-7e4dc4c e-flex e-con-boxed e-con e-parent\" data-id=\"7e4dc4c\" data-element_type=\"container\" data-e-type=\"container\">\n\t\t\t\t\t<div class=\"e-con-inner\">\n\t\t<div class=\"elementor-element elementor-element-77eea62 e-con-full e-flex e-con e-child\" data-id=\"77eea62\" data-element_type=\"container\" data-e-type=\"container\">\n\t\t\t\t<div class=\"elementor-element elementor-element-afdbbc2 elementor-widget__width-initial elementor-widget elementor-widget-text-editor\" data-id=\"afdbbc2\" data-element_type=\"widget\" data-e-type=\"widget\" data-widget_type=\"text-editor.default\">\n\t\t\t\t<div class=\"elementor-widget-container\">\n\t\t\t\t\t\t\t\t\t<p><span style=\"text-decoration: underline;\">Komisji Historycznej Chor\u0105gwi \u015al\u0105skiej na 2023 rok<\/span><\/p>\n<ol>\n<li>Kontynuacja dzia\u0142alno\u015bci wydawniczej zeszyt\u00f3w historycznych \u201eHarcerstwo \u015al\u0105skie w s\u0142u\u017cbie Niepodleg\u0142ej\u201d, drugi zeszyt.<\/li>\n<li>Przygotowania do obchod\u00f3w 40-lecia ods\u0142oni\u0119cia Pomnika ku czci harcerzy i harcerek poleg\u0142ych w latach 1943 \u2013 1945.\n<ul>\n<li>organizacja wystawy<\/li>\n<li>wydanie jednodni\u00f3wki<\/li>\n<li>udzia\u0142 w obchodach rocznicy<\/li>\n<\/ul>\n<\/li>\n<li>Dalsza organizacja Gabinetu Historii Harcerskiej S\u0142u\u017cby Chor\u0105gwi \u015al\u0105skiej\n<ul>\n<li>porz\u0105dkowanie zebranych zbior\u00f3w<\/li>\n<li>katalogowanie zbior\u00f3w i biblioteki<\/li>\n<li>udost\u0119pnianie zbior\u00f3w w internecie<\/li>\n<\/ul>\n<\/li>\n<li>Dalsze nagrywanie gaw\u0119d i wspomnie\u0144 na temat historii harcerstwa i ich publikacje na stronie internetowej.<\/li>\n<li>Wsp\u00f3\u0142praca z Komend\u0105 Chor\u0105gwi w zakresie pozyskiwania \u015brodk\u00f3w zewn\u0119trznych w celu doposa\u017cenia Gabinetu Historii.<\/li>\n<li>Wsp\u00f3\u0142praca z instytucjami zewn\u0119trznymi zajmuj\u0105cymi si\u0119 histori\u0105.<\/li>\n<li>Dalsza wsp\u00f3\u0142praca z Komendami Hufc\u00f3w, kt\u00f3re nie posiadaj\u0105 komisji historycznych w celu ich powo\u0142ania.<\/li>\n<li>Promocje zeszyt\u00f3w historycznych w \u015brodowiskach \u2013 hufcach.<\/li>\n<\/ol>\n<p><span style=\"text-decoration: underline;\">Plan pracy Komisji Historycznej Chor\u0105gwi \u015al\u0105skiej na 2022 rok<\/span><\/p>\n<p>Komisja b\u0119dzie podejmowa\u0142a w roku bie\u017c\u0105cym pr\u00f3b\u0119 realizacji swoich zamierze\u0144 w ni\u017cej wymienionych kierunkach:<\/p>\n<ol>\n<li>finalizacji przygotowa\u0144 do wydania ksi\u0105\u017cki \u201eHarcerstwo \u015al\u0105skie w s\u0142u\u017cbie Niepodleg\u0142ej\u201d i jej promocji,<\/li>\n<li>wykonanie katalogu zbioru bibliotecznego znajduj\u0105cego si\u0119 w Gabinecie Harcerskiej S\u0142u\u017cby i umieszczenie go w sieci w celu jego popularyzacji,<\/li>\n<li>zorganizowania tej cz\u0119\u015bci Gabinetu kt\u00f3ra s\u0142u\u017cy do przechowywania zbior\u00f3w,<\/li>\n<li>wykonanie katalogu zbior\u00f3w i umieszczenie go w sieci.<\/li>\n<\/ol>\n<p><a href=\"https:\/\/historyczna.slaska.zhp.pl\/wp-content\/uploads\/2022\/01\/sprawozdanie_2021.pdf\">Sprawozdanie za rok 2021<\/a><\/p>\n<p><span style=\"text-decoration: underline;\">Plan pracy Komisji Historycznej Chor\u0105gwi \u015al\u0105skiej na 2021 rok<\/span><\/p>\n<ol>\n<li>Utworzenie sieci online dla cz\u0142onk\u00f3w Chor\u0105gwianej Komisji Historycznej w celu podj\u0119cia aktywnej wsp\u00f3\u0142pracy.<\/li>\n<li>Ostateczne ustalenie poprzez cz\u0142onk\u00f3w Komisji zespo\u0142\u00f3w instruktorskich w Hufcach zajmuj\u0105cych si\u0119 histori\u0105 swojego \u015brodowiska.<\/li>\n<li>Zintensyfikowanie poprzez cz\u0142on\u00f3w Komisji Chor\u0105gwianej prac zespo\u0142\u00f3w w hufcach, zwi\u0105zanych z dokumentowaniem historii w\u0142asnych \u015brodowisk. \/dokumentowanie sylwetek komendant\u00f3w i miejsc pami\u0105tkowych dla ZHP\/<\/li>\n<li>Podj\u0119cie dzia\u0142a\u0144 zmierzaj\u0105cych do uporz\u0105dkowania organizacyjnego funkcjonowania Gabinetu Historii Harcerskiej S\u0142u\u017cby.<\/li>\n<li>Podj\u0119cie pr\u00f3by za\u0142o\u017cenia katalogu zbior\u00f3w zgromadzonych w Gabinecie i w miar\u0119 mo\u017cliwo\u015bci ich digitalizacja.<\/li>\n<li>Wsp\u00f3\u0142praca z Muzeum Harcerstwa, Miesi\u0119cznikiem Spo\u0142eczno Kulturalnym \u201e\u015al\u0105sk\u201d oraz innymi instytucjami zainteresowanymi dziejami harcerstwa.<\/li>\n<li>Prowadzenie strony internetowej Chor\u0105gwianej Komisji Historycznej.<\/li>\n<\/ol>\n<p><a href=\"https:\/\/historyczna.slaska.zhp.pl\/wp-content\/uploads\/2021\/01\/sprawozdanie_2020.pdf\">Sprawozdanie za rok 2020<\/a><\/p>\n<p><span style=\"text-decoration: underline;\">Plan pracy Komisji Historycznej Chor\u0105gwi \u015al\u0105skiej na 2020 rok<\/span><\/p>\n<ol>\n<li>Doko\u0144czenie opracowania materia\u0142\u00f3w na stronie internetowej dot. Pomnika Harcerzy \u015al\u0105skich:\n<ul>\n<li>film o pracy Komitetu Honorowego Budowy Pomnika<\/li>\n<li>publikacja zdj\u0119\u0107 z ods\u0142oni\u0119cia Pomnika<\/li>\n<li>droga do Pomnika \u2013 gaw\u0119da\u00a0prof. hm. Krystyny Heski-Kwa\u015bniewicz<\/li>\n<li>postacie z Pomnika \u2013 gaw\u0119da\u00a0jw.<\/li>\n<\/ul>\n<\/li>\n<li>Prezentacja dorobku Komisji i plan\u00f3w na 2020 rok Komendantom Hufc\u00f3w.<\/li>\n<li>Wsp\u00f3\u0142dzia\u0142anie z Komendami Hufc\u00f3w, w kt\u00f3rych brak zespo\u0142\u00f3w historycznych, celem ich powo\u0142ania.<\/li>\n<li>Harcerski Legat Trwania &#8211; stworzenie w ka\u017cdym Hufcu dokumentacji:\n<ul>\n<li>galerii (wykazu) komendant\u00f3w od pocz\u0105tku istnienia hufca<\/li>\n<li>w hufcach powiatowych stworzenie ww. dokumentacji dotycz\u0105cej istniej\u0105cych po reformie administracyjnej hufc\u00f3w gminnych<\/li>\n<li>w Hufcach Bielsko-Bia\u0142a i Cz\u0119stochowa stworzenie ww. dokumentacji dotycz\u0105cej komendant\u00f3w istniej\u0105cych w tamtym czasie chor\u0105gwi<\/li>\n<\/ul>\n<\/li>\n<li>Przygotowanie i wydanie poradnika dla hufcowych komisji historycznych.<\/li>\n<li>Dalsza organizacja Gabinetu Historii Harcerskiej S\u0142u\u017cby.<\/li>\n<li>Uzupe\u0142nianie not biograficznych komendant\u00f3w chor\u0105gwi po roku 1945.<\/li>\n<li>Zorganizowanie spotkania instruktor\u00f3w uczestnicz\u0105cych w Akcji Srebrna G\u00f3ra.<\/li>\n<\/ol>\n<p><span style=\"text-decoration: underline;\">Plan pracy Komisji Historycznej Chor\u0105gwi \u015al\u0105skiej na 2019 rok<\/span><\/p>\n<ol>\n<li>Opracowanie i przyj\u0119cie programu dzia\u0142ania Komisji Historycznej Chor\u0105gwi ZHP.<\/li>\n<li>Przygotowanie i przyj\u0119cie planu pracy Komisji na 2019 rok.<\/li>\n<li>Zorganizowanie wewn\u0119trznej \u0142\u0105czno\u015bci pomi\u0119dzy cz\u0142onkami Komisji \u2013 telefonicznej i elektronicznej.<\/li>\n<li>Zbudowanie strony internetowej Komisji.<\/li>\n<li>Zorganizowanie Seminarium dla hufcowych Zespo\u0142\u00f3w Historycznych.<\/li>\n<li>Wsp\u00f3\u0142praca z zespo\u0142ami historycznymi hufc\u00f3w<\/li>\n<li>Przygotowanie materia\u0142\u00f3w na stron\u0119 internetow\u0105 dotycz\u0105cych:\n<ul>\n<li>sylwetek Komendant\u00f3w i Komendantek okresu mi\u0119dzywojennego,<\/li>\n<li>Powsta\u0144 \u015al\u0105skich,<\/li>\n<li>postaci z Pomnika Harcerzy \u015al\u0105skich,<\/li>\n<li>pierwszych dru\u017cyn harcerskich na \u015bl\u0105sku.<\/li>\n<\/ul>\n<\/li>\n<\/ol>\t\t\t\t\t\t\t\t<\/div>\n\t\t\t\t<\/div>\n\t\t\t\t<\/div>\n\t\t\t\t\t<\/div>\n\t\t\t\t<\/div>\n\t\t<div class=\"elementor-element elementor-element-44cf7337 e-flex e-con-boxed e-con e-parent\" data-id=\"44cf7337\" data-element_type=\"container\" data-e-type=\"container\">\n\t\t\t\t\t<div class=\"e-con-inner\">\n\t\t\t\t\t<\/div>\n\t\t\t\t<\/div>\n\t\t\t\t<\/div>\n\t\t","protected":false},"excerpt":{"rendered":"<p>Komisji Historycznej Chor\u0105gwi \u015al\u0105skiej na 2023 rok Kontynuacja dzia\u0142alno\u015bci wydawniczej zeszyt\u00f3w historycznych \u201eHarcerstwo \u015al\u0105skie w s\u0142u\u017cbie Niepodleg\u0142ej\u201d, drugi zeszyt. Przygotowania do obchod\u00f3w 40-lecia ods\u0142oni\u0119cia Pomnika ku czci harcerzy i harcerek poleg\u0142ych w latach 1943 \u2013 1945. organizacja wystawy wydanie jednodni\u00f3wki udzia\u0142 w obchodach rocznicy Dalsza organizacja Gabinetu Historii Harcerskiej S\u0142u\u017cby Chor\u0105gwi \u015al\u0105skiej porz\u0105dkowanie zebranych zbior\u00f3w [&hellip;]<\/p>\n","protected":false},"author":2,"featured_media":0,"parent":76,"menu_order":0,"comment_status":"closed","ping_status":"closed","template":"","meta":{"postBodyCss":"","postBodyMargin":[],"postBodyPadding":[],"postBodyBackground":{"backgroundType":"classic","gradient":""},"footnotes":""},"class_list":["post-79","page","type-page","status-publish","hentry"],"_links":{"self":[{"href":"https:\/\/historyczna.slaska.zhp.pl\/index.php?rest_route=\/wp\/v2\/pages\/79","targetHints":{"allow":["GET"]}}],"collection":[{"href":"https:\/\/historyczna.slaska.zhp.pl\/index.php?rest_route=\/wp\/v2\/pages"}],"about":[{"href":"https:\/\/historyczna.slaska.zhp.pl\/index.php?rest_route=\/wp\/v2\/types\/page"}],"author":[{"embeddable":true,"href":"https:\/\/historyczna.slaska.zhp.pl\/index.php?rest_route=\/wp\/v2\/users\/2"}],"replies":[{"embeddable":true,"href":"https:\/\/historyczna.slaska.zhp.pl\/index.php?rest_route=%2Fwp%2Fv2%2Fcomments&post=79"}],"version-history":[{"count":21,"href":"https:\/\/historyczna.slaska.zhp.pl\/index.php?rest_route=\/wp\/v2\/pages\/79\/revisions"}],"predecessor-version":[{"id":1541,"href":"https:\/\/historyczna.slaska.zhp.pl\/index.php?rest_route=\/wp\/v2\/pages\/79\/revisions\/1541"}],"up":[{"embeddable":true,"href":"https:\/\/historyczna.slaska.zhp.pl\/index.php?rest_route=\/wp\/v2\/pages\/76"}],"wp:attachment":[{"href":"https:\/\/historyczna.slaska.zhp.pl\/index.php?rest_route=%2Fwp%2Fv2%2Fmedia&parent=79"}],"curies":[{"name":"wp","href":"https:\/\/api.w.org\/{rel}","templated":true}]}}

<div data-elementor-type="wp-page" data-elementor-id="79" class="elementor elementor-79">
				<div class="elementor-element elementor-element-7e4dc4c e-flex e-con-boxed e-con e-parent" data-id="7e4dc4c" data-element_type="container" data-e-type="container">
					<div class="e-con-inner">
		<div class="elementor-element elementor-element-77eea62 e-con-full e-flex e-con e-child" data-id="77eea62" data-element_type="container" data-e-type="container">
				<div class="elementor-element elementor-element-afdbbc2 elementor-widget__width-initial elementor-widget elementor-widget-text-editor" data-id="afdbbc2" data-element_type="widget" data-e-type="widget" data-widget_type="text-editor.default">
				<div class="elementor-widget-container">
									<p><span style="text-decoration: underline;">Komisji Historycznej Chorągwi Śląskiej na 2023 rok</span></p>
<ol>
<li>Kontynuacja działalności wydawniczej zeszytów historycznych „Harcerstwo Śląskie w służbie Niepodległej”, drugi zeszyt.</li>
<li>Przygotowania do obchodów 40-lecia odsłonięcia Pomnika ku czci harcerzy i harcerek poległych w latach 1943 – 1945.
<ul>
<li>organizacja wystawy</li>
<li>wydanie jednodniówki</li>
<li>udział w obchodach rocznicy</li>
</ul>
</li>
<li>Dalsza organizacja Gabinetu Historii Harcerskiej Służby Chorągwi Śląskiej
<ul>
<li>porządkowanie zebranych zbiorów</li>
<li>katalogowanie zbiorów i biblioteki</li>
<li>udostępnianie zbiorów w internecie</li>
</ul>
</li>
<li>Dalsze nagrywanie gawęd i wspomnień na temat historii harcerstwa i ich publikacje na stronie internetowej.</li>
<li>Współpraca z Komendą Chorągwi w zakresie pozyskiwania środków zewnętrznych w celu doposażenia Gabinetu Historii.</li>
<li>Współpraca z instytucjami zewnętrznymi zajmującymi się historią.</li>
<li>Dalsza współpraca z Komendami Hufców, które nie posiadają komisji historycznych w celu ich powołania.</li>
<li>Promocje zeszytów historycznych w środowiskach – hufcach.</li>
</ol>
<p><span style="text-decoration: underline;">Plan pracy Komisji Historycznej Chorągwi Śląskiej na 2022 rok</span></p>
<p>Komisja będzie podejmowała w roku bieżącym próbę realizacji swoich zamierzeń w niżej wymienionych kierunkach:</p>
<ol>
<li>finalizacji przygotowań do wydania książki „Harcerstwo Śląskie w służbie Niepodległej” i jej promocji,</li>
<li>wykonanie katalogu zbioru bibliotecznego znajdującego się w Gabinecie Harcerskiej Służby i umieszczenie go w sieci w celu jego popularyzacji,</li>
<li>zorganizowania tej części Gabinetu która służy do przechowywania zbiorów,</li>
<li>wykonanie katalogu zbiorów i umieszczenie go w sieci.</li>
</ol>
<p><a href="https://historyczna.slaska.zhp.pl/wp-content/uploads/2022/01/sprawozdanie_2021.pdf">Sprawozdanie za rok 2021</a></p>
<p><span style="text-decoration: underline;">Plan pracy Komisji Historycznej Chorągwi Śląskiej na 2021 rok</span></p>
<ol>
<li>Utworzenie sieci online dla członków Chorągwianej Komisji Historycznej w celu podjęcia aktywnej współpracy.</li>
<li>Ostateczne ustalenie poprzez członków Komisji zespołów instruktorskich w Hufcach zajmujących się historią swojego środowiska.</li>
<li>Zintensyfikowanie poprzez członów Komisji Chorągwianej prac zespołów w hufcach, związanych z dokumentowaniem historii własnych środowisk. /dokumentowanie sylwetek komendantów i miejsc pamiątkowych dla ZHP/</li>
<li>Podjęcie działań zmierzających do uporządkowania organizacyjnego funkcjonowania Gabinetu Historii Harcerskiej Służby.</li>
<li>Podjęcie próby założenia katalogu zbiorów zgromadzonych w Gabinecie i w miarę możliwości ich digitalizacja.</li>
<li>Współpraca z Muzeum Harcerstwa, Miesięcznikiem Społeczno Kulturalnym „Śląsk” oraz innymi instytucjami zainteresowanymi dziejami harcerstwa.</li>
<li>Prowadzenie strony internetowej Chorągwianej Komisji Historycznej.</li>
</ol>
<p><a href="https://historyczna.slaska.zhp.pl/wp-content/uploads/2021/01/sprawozdanie_2020.pdf">Sprawozdanie za rok 2020</a></p>
<p><span style="text-decoration: underline;">Plan pracy Komisji Historycznej Chorągwi Śląskiej na 2020 rok</span></p>
<ol>
<li>Dokończenie opracowania materiałów na stronie internetowej dot. Pomnika Harcerzy Śląskich:
<ul>
<li>film o pracy Komitetu Honorowego Budowy Pomnika</li>
<li>publikacja zdjęć z odsłonięcia Pomnika</li>
<li>droga do Pomnika – gawęda prof. hm. Krystyny Heski-Kwaśniewicz</li>
<li>postacie z Pomnika – gawęda jw.</li>
</ul>
</li>
<li>Prezentacja dorobku Komisji i planów na 2020 rok Komendantom Hufców.</li>
<li>Współdziałanie z Komendami Hufców, w których brak zespołów historycznych, celem ich powołania.</li>
<li>Harcerski Legat Trwania &#8211; stworzenie w każdym Hufcu dokumentacji:
<ul>
<li>galerii (wykazu) komendantów od początku istnienia hufca</li>
<li>w hufcach powiatowych stworzenie ww. dokumentacji dotyczącej istniejących po reformie administracyjnej hufców gminnych</li>
<li>w Hufcach Bielsko-Biała i Częstochowa stworzenie ww. dokumentacji dotyczącej komendantów istniejących w tamtym czasie chorągwi</li>
</ul>
</li>
<li>Przygotowanie i wydanie poradnika dla hufcowych komisji historycznych.</li>
<li>Dalsza organizacja Gabinetu Historii Harcerskiej Służby.</li>
<li>Uzupełnianie not biograficznych komendantów chorągwi po roku 1945.</li>
<li>Zorganizowanie spotkania instruktorów uczestniczących w Akcji Srebrna Góra.</li>
</ol>
<p><span style="text-decoration: underline;">Plan pracy Komisji Historycznej Chorągwi Śląskiej na 2019 rok</span></p>
<ol>
<li>Opracowanie i przyjęcie programu działania Komisji Historycznej Chorągwi ZHP.</li>
<li>Przygotowanie i przyjęcie planu pracy Komisji na 2019 rok.</li>
<li>Zorganizowanie wewnętrznej łączności pomiędzy członkami Komisji – telefonicznej i elektronicznej.</li>
<li>Zbudowanie strony internetowej Komisji.</li>
<li>Zorganizowanie Seminarium dla hufcowych Zespołów Historycznych.</li>
<li>Współpraca z zespołami historycznymi hufców</li>
<li>Przygotowanie materiałów na stronę internetową dotyczących:
<ul>
<li>sylwetek Komendantów i Komendantek okresu międzywojennego,</li>
<li>Powstań Śląskich,</li>
<li>postaci z Pomnika Harcerzy Śląskich,</li>
<li>pierwszych drużyn harcerskich na śląsku.</li>
</ul>
</li>
</ol>								</div>
				</div>
				</div>
					</div>
				</div>
		<div class="elementor-element elementor-element-44cf7337 e-flex e-con-boxed e-con e-parent" data-id="44cf7337" data-element_type="container" data-e-type="container">
					<div class="e-con-inner">
					</div>
				</div>
				</div>

<p>Komisji Historycznej Chorągwi Śląskiej na 2023 rok Kontynuacja działalności wydawniczej zeszytów historycznych „Harcerstwo Śląskie w służbie Niepodległej”, drugi zeszyt. Przygotowania do obchodów 40-lecia odsłonięcia Pomnika ku czci harcerzy i harcerek poległych w latach 1943 – 1945. organizacja wystawy wydanie jednodniówki udział w obchodach rocznicy Dalsza organizacja Gabinetu Historii Harcerskiej Służby Chorągwi Śląskiej porządkowanie zebranych zbiorów [&hellip;]</p>
